*f + p - 2*p + 55975 = 0, -2*f - 4*p + 27998 = 0. Suppose 9*q - f = 46586. Is q composite?
True
Let y be 117/(-6)*(-104)/2. Suppose -o = -2*o + y. Let i = -473 + o. Is i a prime number?
True
Suppose 0 = 3*n - 3*o - 42, 5*n - o - 3*o - 73 = 0. Suppose -u = -f - 1 - 4, -4*f + 3*u - n = 0. Is (-1431)/f + (-12)/(-8) prime?
False
Let o be 30/20*(31/(-3) + 1). Let i be 11482/12 + (3 - 17/6). Let j = o + i. Is j a prime number?
False
Let h(u) = 2*u**2 + 3*u. Suppose 8*x - 5*x + 9 = 0. Let p be h(x). Suppose 2*l = -3*y + 517, l = p*y - 11*y + 259. Is l composite?
False
Let x(r) = r**2 + 4*r - 314. Is x(16) prime?
False
Suppose -22*o + 258047 = -217703. Suppose o = 7*n + 3824. Is n composite?
False
Is 1/(((-2)/405462)/(18/(-54))) composite?
False
Is (-57)/(513/(-837012)) + 2/(-6) a composite number?
False
Suppose 0 = r - 2*r + 17. Let z be -3 + (-2 + 3)*r. Suppose z*a + 3155 = 19*a. Is a a prime number?
True
Suppose -g - 14 = 3*v + 20, 4*v + 24 = 4*g. Is 634/v*-5*1 a composite number?
False
Let v(r) = 56*r**2 + 8*r + 1. Let a = -117 - -121. Is v(a) composite?
False
Suppose 969953 = -2814*n + 2867*n. Is n a composite number?
False
Let g be (-1 + (-265)/10)*-6. Let j = g + -134. Is j prime?
True
Suppose -4*f = 4*u - 140, -3 = -u + f + 22. Let s(c) = -c**2 + 173*c + 29. Is s(u) a prime number?
False
Is 13962532/124 + -6*(-7)/(-651) composite?
False
Let t = 252 - 249. Suppose v = t*c - 253 - 5596, 0 = -3*v - 6. Is c composite?
False
Suppose -26399 = -4*q - l - 0*l, 5*q + l = 32998. Is q a prime number?
True
Let o be -9 + 19 + 14/(-2). Suppose -5*i = f - 8864, 0 = f - o*i + 2*i - 8882. Is f a prime number?
False
Suppose -k = -3*h - 2 + 6, -1 = h + 2*k. Let l(n) = -26*n**3 + 7*n**2 - 6 - 8*n + 32*n**3 - h - 2*n. Is l(6) a composite number?
False
Let c = 51 + -342. Let x = 222 - -278. Let l = c + x. Is l prime?
False
Let b(z) = z**3 - 20*z**2 + 33*z + 10. Let i be b(18). Suppose -v + 137 = 2*k, -v = -5*k - 0*k - 151. Let m = v + i. Is m a prime number?
True
Suppose 275131 - 1596383 = -11*t - 57605. Is t a prime number?
False
Let l(t) = -t**3 + 19*t**2 - 5*t + 7. Let g(p) be the third derivative of p**5/20 + 11*p**4/12 - p**3/3 + 11*p**2. Let f be g(-8). Is l(f) composite?
True
Let x = -8141 + 11380. Let g = 8 + -5. Suppose x + 1193 = w + 5*j, w = g*j + 4408. Is w a composite number?
True
Let z(y) = y**2 - 19*y + 104911. Is z(0) prime?
True
Let s be 2*(-2)/18 + (-75388)/(-423). Suppose -182*t + 3148 = -s*t. Is t prime?
True
Let c(h) = h**3 - 8*h**2 + 2*h - 4. Let b be c(8). Suppose -b = 5*g - 32. Is 8/g - -2 - -485 a composite number?
True
Let w(z) = 160*z**2 - 333*z + 243. Is w(28) a prime number?
True
Suppose 3*f + 1 = -n + 3, 0 = -2*f + 4*n + 20. Suppose 0 = w + 3*w + 16, 918 = f*k - w. Is k composite?
False
Suppose -82 - 77 = 3*k. Let m = k + 56. Suppose -2*u = -2*q - 810, 3*u - 2017 = -2*u + m*q. Is u prime?
True
Suppose -42*c + 2213910 = -36*c. Is c/187 - 3*2/33 a composite number?
False
Let k = -65066 - -156075. Is k a prime number?
True
Let d = 263 - 175. Let m be (d/10)/(-2*4/(-40)). Suppose m*k - 155 = 39*k. Is k a composite number?
False
Let a = -16292 - -10032. Let l = a - -15872. Suppose 3*x - s - l = -4*s, -3*s - 6403 = -2*x. Is x composite?
False
Let t = -14415 - -8086. Let a = t - -13234. Is a prime?
False
Let i be (-34)/17 + 4*1. Suppose -2*b - i*a = -40014, 20 = -2*a + 28. Is b prime?
False
Let c be 49182/(-16) - (-5)/(-40). Is c/(-4) + 1 + 52/(-104) composite?
False
Suppose 161 = j + b - 4*b, -331 = -2*j + 3*b. Suppose 172 = 4*p + 4*r, 4*p = -0*r - 5*r + j. Suppose p + 120 = 5*n. Is n a prime number?
False
Suppose 30332 = 3*b - y, -6*y = -3*b - 2*y + 30347. Suppose -11*a = -83*a + 144. Suppose 9*j + a*j = b. Is j prime?
True
Suppose -2*t - 5*q = -731321, -2*t + 731324 = q + q. Is t a composite number?
True
Let u be -12*(-6)/18 - -820. Is u/(-6)*(-15)/10 prime?
False
Suppose -5*t - 29 = z + 7, 2*t - 24 = 2*z. Let f be (-4390)/8 - 2*(-2)/z. Let w = f + 1540. Is w prime?
True
Suppose -3*k - p - 66 = p, 2*p = -6. Is (-449850)/k*(-10)/(-15) composite?
True
Suppose -541239 = -4*p + 3*p + 428180. Is p composite?
True
Let m(f) = 1 + 2*f**2 - 3*f**3 + 84*f - 2 - 84*f. Let r be m(-1). Is r/(-6) + 15925/15 a prime number?
True
Let t(m) = 7557*m**2 - 73*m + 253. Is t(5) composite?
True
Let f be -9694*(28/8)/(-7). Let w be 12/450*-5 + f/15. Suppose 5388 = c + w. Is c a prime number?
False
Let l(h) = 12*h - 20*h**2 - 11*h**2 - 7*h**2 + 11 + 50*h**2. Is l(-5) prime?
True
Let v(d) = 14*d**2 + 53*d + 85. Is v(-64) a prime number?
True
Is (-71265714)/(-273) - 2/(-28)*72/12 composite?
True
Let y = 598568 - 131781. Is y a composite number?
False
Is (3695/10)/((-4280)/1072 - -4) composite?
True
Let v(s) = -2*s + 9. Let n be v(1). Let y(p) = -n + 285*p - 21*p - 10*p + 31*p. Is y(2) composite?
False
Let j = -23 - -29. Let f be (43/j - -2) + 3/(-18). Is (3802/4)/(f/18) prime?
True
Let t(r) = 2*r**3 + r**2 - 10*r + 1. Let p be t(2). Is (13129/(-57))/(p/(-3)) a prime number?
True
Let m(i) = -i**3 + 10*i**2 - 17*i + 2. Let c be m(7). Suppose 14833 = -c*f + 17*f. Let n = -722 - f. Is n a composite number?
False
Suppose -5*b = -2*l - 6, -5*l = -6*l - 2*b + 6. Suppose -l*x + x = -5*i - 6300, x - 2*i = 6297. Is x composite?
True
Is -2*(45/(-30))/((-12)/(-4536548)) a prime number?
True
Is -2057145*(-16)/144 + 4/6*-1 prime?
False
Suppose 18*a + 8*a + 347594 = 0. Let n = -8108 - a. Is n a prime number?
True
Let i(s) = 30*s**3 + 5*s**2 + s - 22. Let r be i(4). Let t = r + 1164. Let c = t - 1497. Is c a composite number?
True
Let l be (20 - (0 + 5))*(-4)/(-5). Let i(b) = 43*b - 41. Let s be i(l). Suppose -4*j + 3*a = -s, 3*a - 199 = -4*j + 246. Is j prime?
False
Suppose -41*p + 39*p + 407910 = -4*z, -p + 203959 = -z. Is p prime?
False
Let c(l) = 3727*l - 1013. Is c(92) a composite number?
True
Let o be (-222)/84*-12 + 4/14. Let r be (-13190)/16 + 12/o. Let i = r - -1321. Is i a prime number?
False
Suppose 13*i + 11584 = 29*i. Suppose i + 177906 = 10*k. Is k a prime number?
True
Let a = -6486 - -17299. Suppose 10*u - 15*u + 54033 = -4*x, u = 4*x + a. Is u a composite number?
True
Suppose -30*b = -35*b + 300. Is 24789/4 + (-15)/b prime?
True
Let p be (-43 - -1)/((-32)/4048). Suppose 0*y - 2*h = -3*y + 3179, 4*h = -5*y + p. Is y prime?
True
Suppose 3*c - 2*m = 29141, 7*c - 9732 = 6*c - 3*m. Is -2*(-6)/36*c a composite number?
True
Suppose 11*s - 1402 = 13481. Suppose 3*b = -480 + s. Is b composite?
True
Let t be (3/6)/((7/12)/(-7)). Let l be (-2)/t + -2*(-12966)/18. Let r = -520 + l. Is r prime?
False
Let p(f) = f**3 + 7*f**2 + f + 9. Let d be p(-7). Suppose -l + 4*m + 1439 = -2068, 0 = 2*l + d*m - 7024. Suppose -10*r = -69 - l. Is r composite?
True
Is (22910 - 3)*(6 - (-1 - -5)) a prime number?
False
Suppose -2900 = 12*v + 11476. Let a = -677 - v. Is a prime?
True
Let a(w) = w + 2. Let t = 24 + -20. Let s be a(t). Suppose -h - 2815 = -s*h. Is h a prime number?
True
Is (-60)/(-50)*-10 - -133079 prime?
False
Let o(w) = 32*w - 14. Let y be o(6). Suppose q - 267 = y. Suppose -b - q = -2*b. Is b prime?
False
Suppose 2*w - 3*w + 2*j + 10 = 0, 4*j - 20 = 0. Let r be (2 - 27/5)/((-4)/w). Suppose -r*y - 758 = -19*y. Is y prime?
True
Suppose -4*p - v = -3512, -1756 = -2*p - 6*v + v. Let k = -468 + 484. Let c = p - k. Is c prime?
False
Suppose 0 = 4*j - 132*k + 131*k - 47636, -3*k = 0. Is j prime?
True
Let d = 590 - 567. Suppose d*g + 62419 = 30*g. Is g prime?
False
Let a be ((-140)/56)/((-1)/11960). Suppose 0 = -5*z - 5*j + a, -z - 4*j + 867 + 5116 = 0. Is z prime?
False
Let d(s) = 5*s**3 - 55*s**2 + 191*s + 69. Is d(44) prime?
False
Suppose -5*n + 2*i = -151829, -5814 + 96909 = 3*n - 2*i. Is n a composite number?
False
Let y = 134 + -106. Let d = y + -23. Suppose 4*u - d*h - 2946 = 0, -3*u - 3*h - 2211 = -6*u. Is u a composite number?
False
Suppose 2*c + r = 1973, -5*r + 2942 = -5*c + 8*c. Let u be (-10157)/(-49) - 2/7. Suppose u + c = 4*o. Is o prime?
False
Let u(t) = -45*t**3 + 2*t**2 + 3. Let q = 55 - 55. Suppose -5*s + 34 - 44 = q. Is u(s) a prime number?
False
Let v(h) = h**3 + 7*h**2 - 382*h + 977. Is v(123) composite?
False
Let b(j) = 10121*j**2 - 9*j + 18. Let m be b(2). Suppose -207*i = -211*i + m. Is i prime?
False
Suppose -9*y = -14*y + l + 5646953, -4*l = 32. Is y prime?